{"id":89,"date":"2025-09-18T05:25:34","date_gmt":"2025-09-18T05:25:34","guid":{"rendered":"https:\/\/www.parafiakonarzewo.pl\/?page_id=89"},"modified":"2025-09-18T05:25:34","modified_gmt":"2025-09-18T05:25:34","slug":"sakrament-bierzmowania","status":"publish","type":"page","link":"https:\/\/www.parafiakonarzewo.pl\/index.php\/sakrament-bierzmowania\/","title":{"rendered":"Sakrament bierzmowania"},"content":{"rendered":"\n<blockquote class=\"wp-block-quote is-layout-flow wp-block-quote-is-layout-flow\">\n<p>Co to jest bierzmowanie?<\/p>\n\n\n\n<p>BIERZMOWANIE jest SAKRAMENTEM, kt\u00f3ry jest dope\u0142nieniem chrztu i w kt\u00f3rym zostajemy obdarzeni Duchem \u015awi\u0119tym. Kto w wolno\u015bci decyduje si\u0119 na \u017cycie jako dziecko Bo\u017ce i poprzez znaki na\u0142o\u017cenia r\u0105k i namaszczenia KRZY\u017bMEM prosi o Ducha Bo\u017cego, otrzymuje si\u0142\u0119, aby \u015bwiadczy\u0107 o Bo\u017cej mi\u0142o\u015bci i pot\u0119dze s\u0142owem i czynem.&nbsp; Staje si\u0119 w\u00f3wczas pe\u0142noprawnym, odpowiedzialnym cz\u0142onkiem Ko\u015bcio\u0142a Katolickiego.<\/p>\n\n\n\n<p>Kiedy trener wysy\u0142a na boisko pi\u0142karza, k\u0142adzie mu r\u0119k\u0119 na ramieniu i daje mu ostatnie wskaz\u00f3wki. W ten spos\u00f3b mo\u017cna zobrazowa\u0107 bierzmowanie. Zostaje na nas po\u0142o\u017cona r\u0119ka. Wkraczamy na &#8220;boisko \u017cycia&#8221;. Dzi\u0119ki Duchowi \u015awi\u0119temu wiemy, co mamy robi\u0107. S\u0142owa JEgo pos\u0142ania d\u017awi\u0119cz\u0105 nam w uszach. Czujemy Jego moc. Nie doznamy od Niego zawodu i b\u0119dziemy zdecydowani gra\u0107 dla Niego. Musimy tylko chcie\u0107 i Go s\u0142ucha\u0107 (Youcat, 203).<\/p>\n<\/blockquote>\n\n\n\n<p>CONF<\/p>\n\n\n\n<p>Spotkania dla m\u0142odzie\u017cy przygotowuj\u0105cej si\u0119 do bierzmowania z klas VII i VIII odbywaj\u0105 si\u0119 wed\u0142ug termin\u00f3w podawanych w og\u0142oszeniach parafialnych.<\/p>\n\n\n\n<h3 class=\"wp-block-heading\">WZ\u00d3R WYPE\u0141NIENIA KARTKI DO BIERZMOWANIA ZNAJDZIESZ TU: <a href=\"http:\/\/www.parafiakonarzewo.pl\/wp-content\/uploads\/2011\/09\/IMG_0002.pdf\" target=\"_blank\" rel=\"noreferrer noopener\">KARTKA<\/a><\/h3>\n\n\n\n<p>Przygotowanie do bierzmowania w naszej parafii odbywa si\u0119 wed\u0142ug zasad obowi\u0105zuj\u0105cych w Archidiecezji Pozna\u0144skiej.<\/p>\n\n\n\n<p><strong>Deklaracja kandydata do bierzmowania<\/strong><\/p>\n\n\n\n<p>Ja, &nbsp;&nbsp;&nbsp;J a n&nbsp;&nbsp; &nbsp;K o w a l s k i&nbsp;&nbsp; , ucz\u0119szczaj\u0105cy obecnie do klasy VII, zg\u0142aszam swoje pragnienie podj\u0119cia przygotowania do sakramentu bierzmowania.<\/p>\n\n\n\n<p>Pragn\u0119 przyj\u0105\u0107 sakrament dojrza\u0142o\u015bci chrze\u015bcija\u0144skiej, aby otrzyma\u0107 Ducha \u015awi\u0119tego, a wraz z Nim zdolno\u015b\u0107 \u015bwiadczenia o Bo\u017cej mi\u0142o\u015bci i pot\u0119dze s\u0142owem i czynem. Przez to stan\u0119 si\u0119 pe\u0142noprawnym i odpowiedzialnym cz\u0142onkiem Ko\u015bcio\u0142a katolickiego.<\/p>\n\n\n\n<p>Sk\u0142adaj\u0105c t\u0119 deklaracj\u0119 obiecuj\u0119, \u017ce uczyni\u0119 wszystko, by zachowa\u0107 wiar\u0119 i j\u0105 przyk\u0142adnie praktykowa\u0107. W tym celu b\u0119d\u0119 uczestniczy\u0107 we Mszy \u015bwi\u0119tej w ka\u017cd\u0105 niedziel\u0119 i \u015bwi\u0119to, podtrzymywa\u0107 wi\u0119\u017a z Bogiem przez codzienn\u0105 modlitw\u0119 i udzia\u0142 w nabo\u017ce\u0144stwach zwi\u0105zanych z rokiem liturgicznym, dba\u0107 o czysto\u015b\u0107 sumienia poprzez sakrament pokuty. Ponadto postanawiam aktywnie uczestniczy\u0107 w katechezie szkolnej i w katechizacji parafialnej przygotowuj\u0105cej do sakramentu.<\/p>\n\n\n\n<p>Tak mi dopom\u00f3\u017c B\u00f3g!<\/p>\n\n\n\n<p>Konarzewo, dnia \u2026<\/p>\n\n\n\n<p>______________________________<\/p>\n\n\n\n<p><em>podpis<\/em><\/p>\n\n\n\n<h1 class=\"wp-block-heading\">Informacje dla kandydat\u00f3w:<\/h1>\n\n\n\n<ol class=\"wp-block-list\">\n<li>Dobrym podr\u0119cznikiem dla kandydat\u00f3w do sakramentu bierzmowania jest YOUCAT &#8211; Katechizm dla m\u0142odych, dost\u0119pny w katolickich ksi\u0119garniach. Zalecamy (cho\u0107 nie jest to obowi\u0105zkowe) jego nabycie i lektur\u0119.<\/li>\n\n\n\n<li><strong>Obowi\u0105zki przygotowuj\u0105cych si\u0119 do bierzmowania<\/strong>:<\/li>\n<\/ol>\n\n\n\n<ul class=\"wp-block-list\">\n<li>Prowadzenie gorliwego i regularnego \u017cycia sakramentalnego (coniedzielna i \u015bwi\u0105teczna Msza \u015bwi\u0119ta).<\/li>\n\n\n\n<li>\u017bycie w stanie \u0142aski u\u015bwi\u0119caj\u0105cej, w czym pomaga cz\u0119sta spowied\u017a \u015bwi\u0119ta (co najmniej cztery razy w roku szkolnym: na pocz\u0105tku roku szkolnego, przed \u015bwi\u0119tami Bo\u017cego Narodzenia, przed \u015bwi\u0119tami Wielkiejnocy, w okresie Bo\u017cego Cia\u0142a)<\/li>\n\n\n\n<li>Uczestniczenie w katechezach parafialnych i w\u00a0spotkaniach w ma\u0142ych grupach przy parafii<\/li>\n\n\n\n<li>Uczestniczenie w nabo\u017ce\u0144stwach zwi\u0105zanych z rokiem ko\u015bcielnym (nabo\u017ce\u0144stwa r\u00f3\u017ca\u0144cowe, poranne roraty o 6.00, drogi krzy\u017cowe, gorzkie \u017cale, nabo\u017ce\u0144stwa majowe).<\/li>\n\n\n\n<li>Gorliwe i sumienne uczestniczenie w katechezie szkolnej.<\/li>\n<\/ul>\n\n\n\n<h1 class=\"wp-block-heading\">Zagadnienia, z kt\u00f3rymi powinien zapozna\u0107 si\u0119 ka\u017cdy kandydat do bierzmowania:<\/h1>\n\n\n\n<p>I. Zna\u0107 modlitwy z ma\u0142ego katechizmu:<\/p>\n\n\n\n<p>1. Ojcze nasz<\/p>\n\n\n\n<p>2. Zdrowa\u015b Maryjo<\/p>\n\n\n\n<p>3. Chwa\u0142a Ojcu\u2026<\/p>\n\n\n\n<p>4. Wierz\u0119 w Boga (Sk\u0142ad Apostolski)<\/p>\n\n\n\n<p>5. 10. Przykaza\u0144 Bo\u017cych<\/p>\n\n\n\n<p>6. 5. Przykaza\u0144 ko\u015bcielnych<\/p>\n\n\n\n<p>7. 7. Sakrament\u00f3w \u015bwi\u0119tych<\/p>\n\n\n\n<p>8. 7. Grzech\u00f3w g\u0142\u00f3wnych<\/p>\n\n\n\n<p>9. 7. Dar\u00f3w Ducha \u015awi\u0119tego<\/p>\n\n\n\n<p>II. Poda\u0107 motywacj\u0119 przyst\u0105pienia do sakramentu bierzmowania<\/p>\n\n\n\n<p>III. Potrafi\u0107 odpowiedzie\u0107 na pytania z YOUCAT. Katechizm Ko\u015bcio\u0142a Katolickiego dla m\u0142odych (203-207 &#8211; zobacz poni\u017cej):<\/p>\n\n\n\n<p>1. Co to jest bierzmowanie?<\/p>\n\n\n\n<p>2. Co m\u00f3wi Pismo \u015awi\u0119te o sakramencie bierzmowania?<\/p>\n\n\n\n<p>3. Co dokonuje si\u0119 podczas bierzmowania?<\/p>\n\n\n\n<p>4. Kto mo\u017ce zosta\u0107 bierzmowanym i czego wymaga si\u0119 od kandydata do bierzmowania?<\/p>\n\n\n\n<p>5. Komu wolno bierzmowa\u0107?<\/p>\n\n\n\n<p><a><\/a><strong>203.<\/strong> <em>Co to jest bierzmowanie?<\/em><\/p>\n\n\n\n<p><strong><\/strong><a href=\"http:\/\/ruda_parafianin.republika.pl\/kkkdm\/kdm201.htm#z066\"><strong> BIERZMOWANIE<\/strong><\/a><strong> jest <\/strong><a href=\"http:\/\/ruda_parafianin.republika.pl\/kkkdm\/kdm171.htm#z063\"><strong>SAKRAMENTEM,<\/strong><\/a><strong> kt\u00f3ry jest dope\u0142nieniem chrztu i w kt\u00f3rym zostajemy obdarzeni Duchem \u015awi\u0119tym. Kto w wolno\u015bci decyduje si\u0119 na \u017cycie jako dziecko Bo\u017ce i poprzez znaki na\u0142o\u017cenia r\u0105k i namaszczenia <\/strong><a href=\"http:\/\/ruda_parafianin.republika.pl\/kkkdm\/kdm201.htm#z067\"><strong>KRZY\u017bMEM<\/strong><\/a><strong> prosi o Ducha Bo\u017cego, otrzymuje si\u0142\u0119, aby \u015bwiadczy\u0107 o Bo\u017cej mi\u0142o\u015bci i pot\u0119dze s\u0142owem i czynem. Staje si\u0119 w\u00f3wczas pe\u0142noprawnym, odpowiedzialnym cz\u0142onkiem Ko\u015bcio\u0142a katolickiego. [1285-1314]<\/strong><\/p>\n\n\n\n<p>Kiedy trener wysy\u0142a na boisko pi\u0142karza, k\u0142adzie mu r\u0119k\u0119 na ramieniu i daje mu ostatnie wskaz\u00f3wki. W ten spos\u00f3b mo\u017cna zobrazowa\u0107 bierzmowanie. Zostaje na nas po\u0142o\u017cona r\u0119ka. Wkraczamy na &#8220;boisko \u017cycia&#8221;. Dzi\u0119ki Duchowi \u015awi\u0119temu wiemy, co mamy robi\u0107. S\u0142owa Jego pos\u0142ania d\u017awi\u0119cz\u0105 nam w uszach. Czujemy Jego pomoc. Nie doznamy od Niego zawodu i b\u0119dziemy zdecydowani gra\u0107 dla Niego. Musimy tylko chcie\u0107 i Go s\u0142ucha\u0107.<br><img loading=\"lazy\" decoding=\"async\" src=\"http:\/\/ruda_parafianin.republika.pl\/kkkdm\/graf\/p02c.jpg\" alt=\"\" width=\"16\" height=\"16\"> <a href=\"http:\/\/ruda_parafianin.republika.pl\/kkkdm\/kdm111.htm#119\"><strong>119-120<\/strong><\/a><\/p>\n\n\n\n<figure class=\"wp-block-table\"><table class=\"has-fixed-layout\"><tbody><tr><td><strong>Definicja<\/strong><a><\/a><strong>:<\/strong>BIERZMOWANIE (nazwa od bierzma, czyli belki podtrzymuj\u0105cej strop ko\u015bcio\u0142a). Bierzmowanie wraz z chrztem i Eucharysti\u0105 stanowi\u0105 trzy sakramenty wtajemniczenia chrze\u015bcija\u0144skiego. Podobnie jak podczas Pi\u0119\u0107dziesi\u0105tnicy Duch \u015awi\u0119ty zst\u0105pi\u0142 na zgromadzonych uczni\u00f3w, tak samo Duch \u015awi\u0119ty zst\u0119puje na ka\u017cdego ochrzczonego, kt\u00f3ry prosi o dar Ducha \u015awi\u0119tego. Umacnia go i wspiera do dawania \u015bwiadectwa o Chrystusie.<\/td><\/tr><\/tbody><\/table><\/figure>\n\n\n\n<figure class=\"wp-block-table\"><table class=\"has-fixed-layout\"><tbody><tr><td><strong>Pismo \u015awi\u0119te: <\/strong>Duch Pana Boga nade mn\u0105, bo Pan mnie nama\u015bci\u0142, abym ubogim g\u0142osi\u0142 dobr\u0105 nowin\u0119. Pos\u0142a\u0142 mnie, abym opatrzy\u0142 rany z\u0142amanych na duchu, abym g\u0142osi\u0142 wi\u0119\u017aniom wyzwolenie, a zniewolonych uczyni\u0142 wolnymi. <strong>Iz 61,1<\/strong><\/td><\/tr><\/tbody><\/table><\/figure>\n\n\n\n<p><a><\/a><strong>204.<\/strong> <em>Co m\u00f3wi Pismo \u015awi\u0119te o sakramencie bierzmowania?<\/em><\/p>\n\n\n\n<p><strong>Ju\u017c w <\/strong><a href=\"http:\/\/ruda_parafianin.republika.pl\/kkkdm\/kdm011.htm#z010\"><strong>STARYM TESTAMENCIE<\/strong><\/a><strong> lud Bo\u017cy oczekiwa\u0142 na wylanie Ducha \u015awi\u0119tego na Mesjasza. Jezus \u017cy\u0142 w szczeg\u00f3lnym Duchu mi\u0142o\u015bci i doskona\u0142ej jedno\u015bci ze swoim Ojcem w niebie. Ten Duch Jezusa by\u0142 &#8220;Duchem \u015awi\u0119tym&#8221; upragnionym przez lud Izraela. By\u0142 to te\u017c ten sam Duch, kt\u00f3rego Jezus obieca\u0142 swoim uczniom, ten sam Duch, kt\u00f3ry 50 dni po Wielkanocy zst\u0105pi\u0142 na uczni\u00f3w. I jest to ten sam \u015awi\u0119ty Duch Jezusa, kt\u00f3ry zst\u0119puje na ka\u017cdego, kto otrzymuje <\/strong><a href=\"http:\/\/ruda_parafianin.republika.pl\/kkkdm\/kdm201.htm#z066\"><strong>SAKRAMENT BIERZMOWANIA.<\/strong><\/a><strong> [1285-1288, 1315]<\/strong><\/p>\n\n\n\n<p>Ju\u017c w Dziejach Apostolskich, napisanych kilka dziesi\u0119cioleci po \u015bmierci Jezusa, widzimy Piotra i Jana &#8220;bierzmuj\u0105cych&#8221;. Obaj podczas podr\u00f3\u017cy misyjnej k\u0142ad\u0105 r\u0119ce na chrze\u015bcijan, kt\u00f3rzy niegdy\u015b &#8220;byli ochrzczeni jedynie w imi\u0119 Pana Jezusa&#8221;, \u017ceby ich serca zosta\u0142y nape\u0142nione Duchem \u015awi\u0119tym. <img loading=\"lazy\" decoding=\"async\" src=\"http:\/\/ruda_parafianin.republika.pl\/kkkdm\/graf\/p02c.jpg\" alt=\"\" width=\"16\" height=\"16\"> <a href=\"http:\/\/ruda_parafianin.republika.pl\/kkkdm\/kdm111.htm#113\"><strong>113-120,<\/strong><\/a> <a href=\"http:\/\/ruda_parafianin.republika.pl\/kkkdm\/kdm301.htm#310\"><strong>310<\/strong><\/a>&#8211;<a href=\"http:\/\/ruda_parafianin.republika.pl\/kkkdm\/kdm311.htm#311\"><strong>311<\/strong><\/a><\/p>\n\n\n\n<figure class=\"wp-block-table\"><table class=\"has-fixed-layout\"><tbody><tr><td><strong>Pismo \u015awi\u0119te: <\/strong>Gdy zobaczysz, \u017ce na kogo\u015b zst\u0119puje Duch i na nim pozostaje, wiedz, \u017ce on b\u0119dzie chrzci\u0142 Duchem \u015awi\u0119tym. <a href=\"http:\/\/ruda_parafianin.republika.pl\/bit\/j\/01.htm#33\"><strong>J 1, 33<\/strong><\/a><\/td><\/tr><\/tbody><\/table><\/figure>\n\n\n\n<figure class=\"wp-block-table\"><table class=\"has-fixed-layout\"><tbody><tr><td><strong>Definicja<\/strong><a><\/a><strong>:<\/strong>KRZY\u017bMO (od gr. chrisma &#8211; olej do namaszczania i christos &#8211; namaszczony) olej powsta\u0142y z po\u0142\u0105czenia oliwy z oliwek i \u017cywicy balsamicznej. W Wielki Czwartek biskup po\u015bwi\u0119ca je, \u017ceby potem s\u0142u\u017cy\u0142o przy chrzcie, bierzmowaniu, \u015bwi\u0119ceniach kap\u0142a\u0144skich i biskupich, jak te\u017c podczas po\u015bwi\u0119cenia i b\u0142ogos\u0142awie\u0144stwa o\u0142tarzy! dzwon\u00f3w. Olej symbolizuje rado\u015b\u0107, si\u0142\u0119 i zdrowie. Namaszczeni krzy\u017cmem ludzie powinni roznosi\u0107 &#8220;wo\u0144 Chrystusa&#8221; <a href=\"http:\/\/ruda_parafianin.republika.pl\/bit\/2kor\/02.htm#15\"><strong>(2Kor 2.15).<\/strong><\/a><\/td><\/tr><\/tbody><\/table><\/figure>\n\n\n\n<figure class=\"wp-block-table\"><table class=\"has-fixed-layout\"><tbody><tr><td><strong>Pismo \u015awi\u0119te: <\/strong>Zbli\u017ccie si\u0119 do Boga, a On zbli\u017cy si\u0119 do was. <a href=\"http:\/\/ruda_parafianin.republika.pl\/bit\/jk\/04.htm#08\"><strong>Jk 4,8<\/strong><\/a><\/td><\/tr><\/tbody><\/table><\/figure>\n\n\n\n<p><a><\/a><strong>205.<\/strong> <em>Co dokonuje si\u0119 podczas bierzmowania?<\/em><\/p>\n\n\n\n<p><strong>Podczas <\/strong><a href=\"http:\/\/ruda_parafianin.republika.pl\/kkkdm\/kdm201.htm#z066\"><strong>BIERZMOWANIA<\/strong><\/a><strong> na duszy ochrzczonego chrze\u015bcijanina zostaje odci\u015bni\u0119te niezatarte duchowe znami\u0119, kt\u00f3re mo\u017cna otrzyma\u0107 tylko raz i kt\u00f3re takiego cz\u0142owieka na zawsze naznacza jako chrze\u015bcijanina. Dar Ducha \u015awi\u0119tego jest moc\u0105 z g\u00f3ry, dzi\u0119ki kt\u00f3rej taki cz\u0142owiek uwiarygodnia swoim \u017cyciem \u0142ask\u0119 otrzyman\u0105 na chrzcie i staje si\u0119 &#8220;\u015bwiadkiem&#8221; Chrystusa. [1302-1305, 1317]<\/strong><\/p>\n\n\n\n<p>Przyj\u0105\u0107 sakrament bierzmowania oznacza zawrze\u0107 z Bogiem swego rodzaju umow\u0119. Bierzmowany m\u00f3wi: &#8220;Tak, wierz\u0119 w Ciebie, m\u00f3j Bo\u017ce, daj mi Twojego Ducha \u015awi\u0119tego, \u017cebym do Ciebie ca\u0142kowicie nale\u017ca\u0142, nigdy od Ciebie nie odst\u0105pi\u0142 i ca\u0142e moje \u017cycie \u015bwiadczy\u0142 o Tobie dusz\u0105 i cia\u0142em, s\u0142owem i czynem, na dobre i na z\u0142e&#8221;. A B\u00f3g m\u00f3wi: &#8220;Tak, ufam ci, moje dziecko &#8211; i obdaruj\u0119 ci\u0119 moim Duchem, czyli sob\u0105 samym. B\u0119d\u0119 ca\u0142y tw\u00f3j. Nie odst\u0105pi\u0119 od ciebie w tym \u017cyciu tu na ziemi i tym w niebie. B\u0119d\u0119 w twoim ciele i twojej duszy, w twoich czynach i s\u0142owach. Nawet je\u015bli zapomnisz o mnie, ja b\u0119d\u0119 przy tobie &#8211; na dobre i na z\u0142e&#8221;. <img loading=\"lazy\" decoding=\"async\" src=\"http:\/\/ruda_parafianin.republika.pl\/kkkdm\/graf\/p02c.jpg\" alt=\"\" width=\"16\" height=\"16\"> <a href=\"http:\/\/ruda_parafianin.republika.pl\/kkkdm\/kdm111.htm#120\"><strong>120<\/strong><\/a><\/p>\n\n\n\n<figure class=\"wp-block-table\"><table class=\"has-fixed-layout\"><tbody><tr><td><strong>Pismo \u015awi\u0119te: <\/strong>K\u0142ad\u0119 przed wami \u017cycie i \u015bmier\u0107, b\u0142ogos\u0142awie\u0144stwo i przekle\u0144stwo! Wybierz zatem \u017cycie, aby\u015b m\u00f3g\u0142 \u017cy\u0107 ty i twoje potomstwo. <strong>Pwt 30,19<\/strong><\/td><\/tr><\/tbody><\/table><\/figure>\n\n\n\n<figure class=\"wp-block-table\"><table class=\"has-fixed-layout\"><tbody><tr><td><strong>Cytat: <\/strong>Chodzi przede wszystkim o to, aby zacz\u0105\u0107 zdecydowanie. <a href=\"http:\/\/ruda_parafianin.republika.pl\/swi\/t\/teresa3.htm\"><strong>\u015aW. TERESA Z AYILA<\/strong><\/a><\/td><\/tr><\/tbody><\/table><\/figure>\n\n\n\n<p><a><\/a><strong>206.<\/strong> <em>Kto mo\u017ce zosta\u0107 bierzmowanym i czego wymaga si\u0119 od kandydata do bierzmowania?<\/em><\/p>\n\n\n\n<p><strong>Ka\u017cdy chrze\u015bcijanin, katolik, kt\u00f3ry przyj\u0105\u0142 <\/strong><a href=\"http:\/\/ruda_parafianin.republika.pl\/kkkdm\/kdm171.htm#z063\"><strong>SAKRAMENT<\/strong><\/a><strong> CHRZTU i jest w stanie \u0142aski u\u015bwi\u0119caj\u0105cej, mo\u017ce by\u0107 dopuszczony do <\/strong><a href=\"http:\/\/ruda_parafianin.republika.pl\/kkkdm\/kdm201.htm#z066\"><strong>BIERZMOWANIA.<\/strong><\/a><strong> [1306-1311, 1319]<\/strong><\/p>\n\n\n\n<p>Stan \u0142aski u\u015bwi\u0119caj\u0105cej oznacza, \u017ce nie pope\u0142ni\u0142o si\u0119 \u017cadnego grzechu \u015bmiertelnego. Przez grzech \u015bmiertelny cz\u0142owiek od\u0142\u0105cza si\u0119 od Boga i mo\u017ce znowu pojedna\u0107 si\u0119 z Bogiem jedynie poprzez spowied\u017a. M\u0142ody chrze\u015bcijanin, kt\u00f3ry przygotowuje si\u0119 do bierzmowania, znajduje si\u0119 w jednej z najwa\u017cniejszych faz swojego \u017cycia. Powinien zrobi\u0107 wszystko, aby ca\u0142ym sercem i umys\u0142em poj\u0105\u0107 wiar\u0119; powinien sam i z innymi modli\u0107 si\u0119 o Ducha \u015awi\u0119tego; powinien wszelkimi sposobami pojedna\u0107 si\u0119 ze sob\u0105, z lud\u017ami i z Bogiem, czemu s\u0142u\u017cy spowied\u017a, kt\u00f3ra zbli\u017ca do Boga tak\u017ce w\u00f3wczas, gdy nie pope\u0142ni\u0142o si\u0119 grzechu \u015bmiertelnego. <img loading=\"lazy\" decoding=\"async\" src=\"http:\/\/ruda_parafianin.republika.pl\/kkkdm\/graf\/p02c.jpg\" alt=\"\" width=\"16\" height=\"16\"> <a href=\"http:\/\/ruda_parafianin.republika.pl\/kkkdm\/kdm311.htm#316\"><strong>316-317<\/strong><\/a><\/p>\n\n\n\n<figure class=\"wp-block-table\"><table class=\"has-fixed-layout\"><tbody><tr><td><strong>Cytat: <\/strong>To by\u0142o tak, kiedy us\u0142ysza\u0142em g\u0142os z wysoka: Jam jest pokarm mocarzy; wzrastaj, a b\u0119dziesz go po\u017cywa\u0142. I nie ty zamienisz Mnie w siebie na podobie\u0144stwo cielesnego pokarmu, ale Ja zamieni\u0119 ci\u0119 w siebie. <a href=\"http:\/\/ruda_parafianin.republika.pl\/swi\/a\/augustyn.htm\"><strong>\u015aW. AUGUSTYN<\/strong><\/a> o momencie swego nawr\u00f3cenia<\/td><\/tr><\/tbody><\/table><\/figure>\n\n\n\n<p><a><\/a><strong>207.<\/strong> <em>Komu wolno bierzmowa\u0107?<\/em><\/p>\n\n\n\n<p><strong>Zazwyczaj <\/strong><a href=\"http:\/\/ruda_parafianin.republika.pl\/kkkdm\/kdm201.htm#z066\"><strong>SAKRAMENTU BIERZMOWANIA<\/strong><\/a><strong> udziela <\/strong><a href=\"http:\/\/ruda_parafianin.republika.pl\/kkkdm\/kdm131.htm#z054\"><strong>BISKUP.<\/strong><\/a><strong> W razie potrzeby biskup mo\u017ce wyznaczy\u0107 w swoim zast\u0119pstwie kap\u0142ana. W przypadku zagro\u017cenia \u017cycia ka\u017cdy kap\u0142an mo\u017ce bierzmowa\u0107. [1312-1314]<\/strong><\/p>\n\n\n\n<p><a><\/a>.<\/p>\n\n\n\n<p>CONF<\/p>\n\n\n\n<h3 class=\"wp-block-heading\"><strong>YOUCAT<\/strong><a href=\"http:\/\/www.parafiakonarzewo.pl\/wp-content\/uploads\/2011\/09\/youcat.jpg\"><\/a><\/h3>\n\n\n\n<p><em>Podr\u0119cznik dla bierzmowanych<\/em><\/p>\n\n\n\n<p><strong>Zach\u0119ta dla kandydat\u00f3w do bierzmowania:<\/strong> dobrym przewodnikiem w wierze jest wydany w bie\u017c\u0105cym roku w kilku j\u0119zykach katechizm dla m\u0142odych YOUCAT.<\/p>\n\n\n\n<p>We wst\u0119pie do ksi\u0105\u017cki Benedykt XVI pisze: &#8220;Niekt\u00f3re osoby m\u00f3wi\u0105 mi, \u017ce katechizm nie zainteresuje dzisiejszej m\u0142odzie\u017cy; nie wierz\u0119 tym stwierdzeniom i pewien jestem, \u017ce mam racj\u0119. M\u0142odzie\u017c nie jest tak powierzchowna, jak si\u0119 jej zarzuca; m\u0142odzi ludzie chc\u0105 wiedzie\u0107, na czym naprawd\u0119 polega \u017cycie. Powie\u015b\u0107 kryminalna wci\u0105ga, poniewa\u017c obchodzi nas los innych ludzi, kt\u00f3ry m\u00f3g\u0142by przecie\u017c by\u0107 naszym losem; ta ksi\u0105\u017cka jest wci\u0105gaj\u0105ca, poniewa\u017c m\u00f3wi nam o naszym przeznaczeniu i dlatego dotyczy z bliska ka\u017cdego z nas. Dlatego zach\u0119cam was: studiujcie katechizm! To moje z serca p\u0142yn\u0105ce \u017cyczenie. Musicie zna\u0107 wasz\u0105 wiar\u0119 z tak\u0105 sam\u0105 precyzj\u0105, z jak\u0105 specjalista w dziedzinie informatyki zna system operacyjny komputera; musicie zna\u0107 j\u0105 tak, jak muzyk zna sw\u00f3j utw\u00f3r; tak, musicie by\u0107 znacznie g\u0142\u0119biej zakorzenieni w wierze od pokolenia waszych rodzic\u00f3w, a\u017ceby oprze\u0107 si\u0119 z moc\u0105 i zdecydowanie wyzwaniom i pokusom obecnych czas\u00f3w. Potrzebujecie Bo\u017cej pomocy, je\u017celi wiara wasza nie ma wyschn\u0105\u0107 tak, jak rosa na s\u0142o\u0144cu, je\u015bli nie chcecie ulec pokusom konsumpcjonizmu, je\u017celi nie chcecie, a\u017ceby wasza mi\u0142o\u015b\u0107 uton\u0119\u0142a w pornografii, je\u015bli nie chcecie zdradzi\u0107 s\u0142abych oraz ofiar nadu\u017cy\u0107 i przemocy&#8221;.<\/p>\n","protected":false},"excerpt":{"rendered":"<p>Co to jest bierzmowanie? BIERZMOWANIE jest SAKRAMENTEM, kt\u00f3ry jest dope\u0142nieniem chrztu i w kt\u00f3rym zostajemy obdarzeni Duchem \u015awi\u0119tym. Kto w wolno\u015bci decyduje si\u0119 na \u017cycie jako dziecko Bo\u017ce i poprzez znaki na\u0142o\u017cenia r\u0105k i namaszczenia KRZY\u017bMEM prosi o Ducha Bo\u017cego, otrzymuje si\u0142\u0119, aby \u015bwiadczy\u0107 o Bo\u017cej mi\u0142o\u015bci i pot\u0119dze s\u0142owem i czynem.&nbsp; Staje si\u0119 w\u00f3wczas<\/p>\n<div class=\"more-link\">\n\t\t\t\t <a href=\"https:\/\/www.parafiakonarzewo.pl\/index.php\/sakrament-bierzmowania\/\" class=\"btn theme-btn inverted\"><span>Read More <\/span><\/a>\n\t\t\t<\/div>\n","protected":false},"author":1,"featured_media":0,"parent":0,"menu_order":0,"comment_status":"closed","ping_status":"closed","template":"","meta":{"footnotes":""},"class_list":["post-89","page","type-page","status-publish","hentry"],"_links":{"self":[{"href":"https:\/\/www.parafiakonarzewo.pl\/index.php\/wp-json\/wp\/v2\/pages\/89","targetHints":{"allow":["GET"]}}],"collection":[{"href":"https:\/\/www.parafiakonarzewo.pl\/index.php\/wp-json\/wp\/v2\/pages"}],"about":[{"href":"https:\/\/www.parafiakonarzewo.pl\/index.php\/wp-json\/wp\/v2\/types\/page"}],"author":[{"embeddable":true,"href":"https:\/\/www.parafiakonarzewo.pl\/index.php\/wp-json\/wp\/v2\/users\/1"}],"replies":[{"embeddable":true,"href":"https:\/\/www.parafiakonarzewo.pl\/index.php\/wp-json\/wp\/v2\/comments?post=89"}],"version-history":[{"count":1,"href":"https:\/\/www.parafiakonarzewo.pl\/index.php\/wp-json\/wp\/v2\/pages\/89\/revisions"}],"predecessor-version":[{"id":90,"href":"https:\/\/www.parafiakonarzewo.pl\/index.php\/wp-json\/wp\/v2\/pages\/89\/revisions\/90"}],"wp:attachment":[{"href":"https:\/\/www.parafiakonarzewo.pl\/index.php\/wp-json\/wp\/v2\/media?parent=89"}],"curies":[{"name":"wp","href":"https:\/\/api.w.org\/{rel}","templated":true}]}}