{"id":81,"date":"2025-09-18T05:22:39","date_gmt":"2025-09-18T05:22:39","guid":{"rendered":"https:\/\/www.parafiakonarzewo.pl\/?page_id=81"},"modified":"2025-09-18T05:22:39","modified_gmt":"2025-09-18T05:22:39","slug":"prewencja","status":"publish","type":"page","link":"https:\/\/www.parafiakonarzewo.pl\/index.php\/prewencja\/","title":{"rendered":"Prewencja"},"content":{"rendered":"\n<p>STANDARDY OCHRONY DZIECI W DUSZPASTERSTWIE PARAFIALNYM W&nbsp; ARCHIDIECEZJI&nbsp; POZNA\u0143SKIEJ<\/p>\n\n\n\n<p><a href=\"https:\/\/www.parafiakonarzewo.pl\/wp-content\/uploads\/2024\/08\/KONARZEWO-Standardy-Ochrony-dzieci-w-duszpasterstwie-parafialnym-stan-na-04.07.2024-1.pdf\">KONARZEWO Standardy Ochrony dzieci w duszpasterstwie parafialnym stan na 04.07.2024<\/a><\/p>\n\n\n\n<p>Disfruta de la mejor experiencia de casino en l\u00ednea con <a href=\"https:\/\/juegodegarage.cl\/rondas-de-bonificacion-en-la-tragamonedas-garage\/\">juego garage gratis Chile<\/a>. Este emocionante juego no solo ofrece una mec\u00e1nica envolvente, sino tambi\u00e9n incre\u00edbles bonos y oportunidades de ganar grandes premios, haciendo que cada partida sea a\u00fan m\u00e1s emocionante.<\/p>\n","protected":false},"excerpt":{"rendered":"<p>STANDARDY OCHRONY DZIECI W DUSZPASTERSTWIE PARAFIALNYM W&nbsp; ARCHIDIECEZJI&nbsp; POZNA\u0143SKIEJ KONARZEWO Standardy Ochrony dzieci w duszpasterstwie parafialnym stan na 04.07.2024 Disfruta de la mejor experiencia de casino en l\u00ednea con juego garage gratis Chile. Este emocionante juego no solo ofrece una mec\u00e1nica envolvente, sino tambi\u00e9n incre\u00edbles bonos y oportunidades de ganar grandes premios, haciendo que cada<\/p>\n<div class=\"more-link\">\n\t\t\t\t <a href=\"https:\/\/www.parafiakonarzewo.pl\/index.php\/prewencja\/\" class=\"btn theme-btn inverted\"><span>Read More <\/span><\/a>\n\t\t\t<\/div>\n","protected":false},"author":1,"featured_media":0,"parent":0,"menu_order":0,"comment_status":"closed","ping_status":"closed","template":"","meta":{"footnotes":""},"class_list":["post-81","page","type-page","status-publish","hentry"],"_links":{"self":[{"href":"https:\/\/www.parafiakonarzewo.pl\/index.php\/wp-json\/wp\/v2\/pages\/81","targetHints":{"allow":["GET"]}}],"collection":[{"href":"https:\/\/www.parafiakonarzewo.pl\/index.php\/wp-json\/wp\/v2\/pages"}],"about":[{"href":"https:\/\/www.parafiakonarzewo.pl\/index.php\/wp-json\/wp\/v2\/types\/page"}],"author":[{"embeddable":true,"href":"https:\/\/www.parafiakonarzewo.pl\/index.php\/wp-json\/wp\/v2\/users\/1"}],"replies":[{"embeddable":true,"href":"https:\/\/www.parafiakonarzewo.pl\/index.php\/wp-json\/wp\/v2\/comments?post=81"}],"version-history":[{"count":1,"href":"https:\/\/www.parafiakonarzewo.pl\/index.php\/wp-json\/wp\/v2\/pages\/81\/revisions"}],"predecessor-version":[{"id":82,"href":"https:\/\/www.parafiakonarzewo.pl\/index.php\/wp-json\/wp\/v2\/pages\/81\/revisions\/82"}],"wp:attachment":[{"href":"https:\/\/www.parafiakonarzewo.pl\/index.php\/wp-json\/wp\/v2\/media?parent=81"}],"curies":[{"name":"wp","href":"https:\/\/api.w.org\/{rel}","templated":true}]}}