{"id":40,"date":"2025-09-18T05:04:46","date_gmt":"2025-09-18T05:04:46","guid":{"rendered":"https:\/\/www.parafiakonarzewo.pl\/?page_id=40"},"modified":"2025-09-18T05:45:30","modified_gmt":"2025-09-18T05:45:30","slug":"grupy-duszpasterskie","status":"publish","type":"page","link":"https:\/\/www.parafiakonarzewo.pl\/index.php\/grupy-duszpasterskie\/","title":{"rendered":"Grupy duszpasterskie"},"content":{"rendered":"\n<p>W naszej parafii funkcjonuj\u0105 nast\u0119puj\u0105ce grupy duszpasterskie:<\/p>\n\n\n\n<p>1.Parafialna Rada Duszpasterska<\/p>\n\n\n\n<p>2. Parafialna Rada Ekonomiczna<\/p>\n\n\n\n<p>3.Parafialny Kr\u0105g Biblijny<\/p>\n\n\n\n<p>4. \u017bywy r\u00f3\u017caniec<\/p>\n\n\n\n<p>5. S\u0142u\u017cba liturgiczna<\/p>\n\n\n\n<p>6. Szafarze Nadzwyczajni Komunii \u015bwi\u0119tej<\/p>\n\n\n\n<p>7. Katolickie Stowarzyszenie M\u0142odzie\u017cy (oddzia\u0142 nr 84)<\/p>\n\n\n\n<p>8. Schola dzieci\u0119ca<\/p>\n\n\n\n<p>9. Parafialny Oddzia\u0142 Caritas<\/p>\n\n\n\n<p>10. Szkolne Ko\u0142o Caritas w Konarzewie<\/p>\n\n\n\n<p>11. Redakcja gazetki Wsp\u00f3lnota<\/p>\n","protected":false},"excerpt":{"rendered":"<p>W naszej parafii funkcjonuj\u0105 nast\u0119puj\u0105ce grupy duszpasterskie: 1.Parafialna Rada Duszpasterska 2. Parafialna Rada Ekonomiczna 3.Parafialny Kr\u0105g Biblijny 4. \u017bywy r\u00f3\u017caniec 5. S\u0142u\u017cba liturgiczna 6. Szafarze Nadzwyczajni Komunii \u015bwi\u0119tej 7. Katolickie Stowarzyszenie M\u0142odzie\u017cy (oddzia\u0142 nr 84) 8. Schola dzieci\u0119ca 9. Parafialny Oddzia\u0142 Caritas 10. Szkolne Ko\u0142o Caritas w Konarzewie 11. Redakcja gazetki Wsp\u00f3lnota<\/p>\n","protected":false},"author":1,"featured_media":0,"parent":0,"menu_order":0,"comment_status":"closed","ping_status":"closed","template":"","meta":{"footnotes":""},"class_list":["post-40","page","type-page","status-publish","hentry"],"_links":{"self":[{"href":"https:\/\/www.parafiakonarzewo.pl\/index.php\/wp-json\/wp\/v2\/pages\/40","targetHints":{"allow":["GET"]}}],"collection":[{"href":"https:\/\/www.parafiakonarzewo.pl\/index.php\/wp-json\/wp\/v2\/pages"}],"about":[{"href":"https:\/\/www.parafiakonarzewo.pl\/index.php\/wp-json\/wp\/v2\/types\/page"}],"author":[{"embeddable":true,"href":"https:\/\/www.parafiakonarzewo.pl\/index.php\/wp-json\/wp\/v2\/users\/1"}],"replies":[{"embeddable":true,"href":"https:\/\/www.parafiakonarzewo.pl\/index.php\/wp-json\/wp\/v2\/comments?post=40"}],"version-history":[{"count":2,"href":"https:\/\/www.parafiakonarzewo.pl\/index.php\/wp-json\/wp\/v2\/pages\/40\/revisions"}],"predecessor-version":[{"id":138,"href":"https:\/\/www.parafiakonarzewo.pl\/index.php\/wp-json\/wp\/v2\/pages\/40\/revisions\/138"}],"wp:attachment":[{"href":"https:\/\/www.parafiakonarzewo.pl\/index.php\/wp-json\/wp\/v2\/media?parent=40"}],"curies":[{"name":"wp","href":"https:\/\/api.w.org\/{rel}","templated":true}]}}